{"id":570,"date":"2025-11-18T13:26:26","date_gmt":"2025-11-18T13:26:26","guid":{"rendered":"https:\/\/filmoteka.edu.pl\/?page_id=570"},"modified":"2025-11-28T16:17:11","modified_gmt":"2025-11-28T16:17:11","slug":"informacje","status":"publish","type":"page","link":"https:\/\/filmoteka.edu.pl\/","title":{"rendered":"Informacje"},"content":{"rendered":"\n<p>Zapraszamy do zapoznania si\u0119 z ofert\u0105 film\u00f3w edukacyjnych dla przedszkoli, szk\u00f3\u0142&nbsp; oraz&nbsp; jednostek prowadz\u0105cych kursy i szkolenia zamieszczonych na naszej platformie edukacyjnej.&nbsp;<\/p>\n\n\n\n<p>Aby zam\u00f3wi\u0107 filmy prosimy przygotowa\u0107 :<br>1. <strong>Dane potrzebne<\/strong> do wystawienia faktury (nabywca-nazwa, adres, numer NIP ,odbiorca- nazwa, adres)&nbsp;<br>4. <strong>Numer kontaktowy telefonu<\/strong> oraz <strong>nazwisko osoby zamawiaj\u0105cej<br><\/strong><br>Zam\u00f3wienia przyjmujemy:<br>1. Telefonicznie pod numerami telefon\u00f3w 12 3565901 ; 790-790-781<br>2. Za po\u015brednictwem poczty e-mail: biuro@filmoteka.edu.pl<br>3. Wysy\u0142aj\u0105c sms na numer 790-790-781 wpisuj\u0105 w tre\u015bci: &#8222;zam\u00f3wienie&#8221;. Nasz konsultant oddzwoni do Pa\u0144stwa w ci\u0105gu kilku minut .<br><br><br>Nasi Konsultanci s\u0105 do Pa\u0144stwa dyspozycji od poniedzia\u0142ku do pi\u0105tku w godzinach od 8.00 do 20.00<br>oraz w soboty od 9.00 do 15.00&nbsp;Dzia\u0142 Obs\u0142ugi Klienta Wytw\u00f3rnia Film\u00f3w Edukacyjnych<br>tel.12 35 65 901 kom. 790-790-781<br>e.mail : biuro@filmoteka.edu.pl<\/p>\n\n\n\n<p>\u00a0<\/p>\n\n\n\n<p><\/p>\n\n\n\n<p><\/p>\n\n\n\n<p><\/p>\n","protected":false},"excerpt":{"rendered":"<p>Zapraszamy do zapoznania si\u0119 z ofert\u0105 film\u00f3w edukacyjnych dla przedszkoli, szk\u00f3\u0142&nbsp; oraz&nbsp; jednostek prowadz\u0105cych kursy i szkolenia zamieszczonych na naszej platformie edukacyjnej.&nbsp; Aby zam\u00f3wi\u0107 filmy prosimy przygotowa\u0107 :1. Dane potrzebne do wystawienia faktury (nabywca-nazwa, adres, numer NIP ,odbiorca- nazwa, adres)&nbsp;4. Numer kontaktowy telefonu oraz nazwisko osoby zamawiaj\u0105cejZam\u00f3wienia przyjmujemy:1. Telefonicznie pod [&hellip;]<\/p>\n","protected":false},"author":1,"featured_media":567,"parent":0,"menu_order":0,"comment_status":"closed","ping_status":"closed","template":"","meta":{"footnotes":""},"class_list":["post-570","page","type-page","status-publish","has-post-thumbnail","hentry"],"yoast_head":"<!-- This site is optimized with the Yoast SEO plugin v26.4 - https:\/\/yoast.com\/wordpress\/plugins\/seo\/ -->\n<title>Informacje - Vivere<\/title>\n<meta name=\"robots\" content=\"index, follow, max-snippet:-1, max-image-preview:large, max-video-preview:-1\" \/>\n<link rel=\"canonical\" href=\"https:\/\/filmoteka.edu.pl\/\" \/>\n<meta property=\"og:locale\" content=\"pl_PL\" \/>\n<meta property=\"og:type\" content=\"article\" \/>\n<meta property=\"og:title\" content=\"Informacje - Vivere\" \/>\n<meta property=\"og:description\" content=\"Zapraszamy do zapoznania si\u0119 z ofert\u0105 film\u00f3w edukacyjnych dla przedszkoli, szk\u00f3\u0142&nbsp; oraz&nbsp; jednostek prowadz\u0105cych kursy i szkolenia zamieszczonych na naszej platformie edukacyjnej.&nbsp; Aby zam\u00f3wi\u0107 filmy prosimy przygotowa\u0107 :1. Dane potrzebne do wystawienia faktury (nabywca-nazwa, adres, numer NIP ,odbiorca- nazwa, adres)&nbsp;4. Numer kontaktowy telefonu oraz nazwisko osoby zamawiaj\u0105cejZam\u00f3wienia przyjmujemy:1. Telefonicznie pod [&hellip;]\" \/>\n<meta property=\"og:url\" content=\"https:\/\/filmoteka.edu.pl\/\" \/>\n<meta property=\"og:site_name\" content=\"Vivere\" \/>\n<meta property=\"article:modified_time\" content=\"2025-11-28T16:17:11+00:00\" \/>\n<meta property=\"og:image\" content=\"https:\/\/filmoteka.edu.pl\/wp-content\/uploads\/2025\/11\/edukacyjne-filmy-dla-dzieci-3-1024x571.png\" \/>\n\t<meta property=\"og:image:width\" content=\"1024\" \/>\n\t<meta property=\"og:image:height\" content=\"571\" \/>\n\t<meta property=\"og:image:type\" content=\"image\/png\" \/>\n<meta name=\"twitter:card\" content=\"summary_large_image\" \/>\n<meta name=\"twitter:label1\" content=\"Szacowany czas czytania\" \/>\n\t<meta name=\"twitter:data1\" content=\"1 minuta\" \/>\n<script type=\"application\/ld+json\" class=\"yoast-schema-graph\">{\"@context\":\"https:\/\/schema.org\",\"@graph\":[{\"@type\":\"WebPage\",\"@id\":\"https:\/\/filmoteka.edu.pl\/\",\"url\":\"https:\/\/filmoteka.edu.pl\/\",\"name\":\"Informacje - Vivere\",\"isPartOf\":{\"@id\":\"https:\/\/filmoteka.edu.pl\/#website\"},\"primaryImageOfPage\":{\"@id\":\"https:\/\/filmoteka.edu.pl\/#primaryimage\"},\"image\":{\"@id\":\"https:\/\/filmoteka.edu.pl\/#primaryimage\"},\"thumbnailUrl\":\"https:\/\/filmoteka.edu.pl\/wp-content\/uploads\/2025\/11\/edukacyjne-filmy-dla-dzieci-3.png\",\"datePublished\":\"2025-11-18T13:26:26+00:00\",\"dateModified\":\"2025-11-28T16:17:11+00:00\",\"breadcrumb\":{\"@id\":\"https:\/\/filmoteka.edu.pl\/#breadcrumb\"},\"inLanguage\":\"pl-PL\",\"potentialAction\":[{\"@type\":\"ReadAction\",\"target\":[\"https:\/\/filmoteka.edu.pl\/\"]}]},{\"@type\":\"ImageObject\",\"inLanguage\":\"pl-PL\",\"@id\":\"https:\/\/filmoteka.edu.pl\/#primaryimage\",\"url\":\"https:\/\/filmoteka.edu.pl\/wp-content\/uploads\/2025\/11\/edukacyjne-filmy-dla-dzieci-3.png\",\"contentUrl\":\"https:\/\/filmoteka.edu.pl\/wp-content\/uploads\/2025\/11\/edukacyjne-filmy-dla-dzieci-3.png\",\"width\":1536,\"height\":857},{\"@type\":\"BreadcrumbList\",\"@id\":\"https:\/\/filmoteka.edu.pl\/#breadcrumb\",\"itemListElement\":[{\"@type\":\"ListItem\",\"position\":1,\"name\":\"Strona g\u0142\u00f3wna\",\"item\":\"https:\/\/filmoteka.edu.pl\/\"},{\"@type\":\"ListItem\",\"position\":2,\"name\":\"Informacje\"}]},{\"@type\":\"WebSite\",\"@id\":\"https:\/\/filmoteka.edu.pl\/#website\",\"url\":\"https:\/\/filmoteka.edu.pl\/\",\"name\":\"Vivere\",\"description\":\"Filmy edukacyjne dla dzieci\",\"potentialAction\":[{\"@type\":\"SearchAction\",\"target\":{\"@type\":\"EntryPoint\",\"urlTemplate\":\"https:\/\/filmoteka.edu.pl\/?s={search_term_string}\"},\"query-input\":{\"@type\":\"PropertyValueSpecification\",\"valueRequired\":true,\"valueName\":\"search_term_string\"}}],\"inLanguage\":\"pl-PL\"}]}<\/script>\n<!-- \/ Yoast SEO plugin. -->","yoast_head_json":{"title":"Informacje - Vivere","robots":{"index":"index","follow":"follow","max-snippet":"max-snippet:-1","max-image-preview":"max-image-preview:large","max-video-preview":"max-video-preview:-1"},"canonical":"https:\/\/filmoteka.edu.pl\/","og_locale":"pl_PL","og_type":"article","og_title":"Informacje - Vivere","og_description":"Zapraszamy do zapoznania si\u0119 z ofert\u0105 film\u00f3w edukacyjnych dla przedszkoli, szk\u00f3\u0142&nbsp; oraz&nbsp; jednostek prowadz\u0105cych kursy i szkolenia zamieszczonych na naszej platformie edukacyjnej.&nbsp; Aby zam\u00f3wi\u0107 filmy prosimy przygotowa\u0107 :1. Dane potrzebne do wystawienia faktury (nabywca-nazwa, adres, numer NIP ,odbiorca- nazwa, adres)&nbsp;4. Numer kontaktowy telefonu oraz nazwisko osoby zamawiaj\u0105cejZam\u00f3wienia przyjmujemy:1. Telefonicznie pod [&hellip;]","og_url":"https:\/\/filmoteka.edu.pl\/","og_site_name":"Vivere","article_modified_time":"2025-11-28T16:17:11+00:00","og_image":[{"width":1024,"height":571,"url":"https:\/\/filmoteka.edu.pl\/wp-content\/uploads\/2025\/11\/edukacyjne-filmy-dla-dzieci-3-1024x571.png","type":"image\/png"}],"twitter_card":"summary_large_image","twitter_misc":{"Szacowany czas czytania":"1 minuta"},"schema":{"@context":"https:\/\/schema.org","@graph":[{"@type":"WebPage","@id":"https:\/\/filmoteka.edu.pl\/","url":"https:\/\/filmoteka.edu.pl\/","name":"Informacje - Vivere","isPartOf":{"@id":"https:\/\/filmoteka.edu.pl\/#website"},"primaryImageOfPage":{"@id":"https:\/\/filmoteka.edu.pl\/#primaryimage"},"image":{"@id":"https:\/\/filmoteka.edu.pl\/#primaryimage"},"thumbnailUrl":"https:\/\/filmoteka.edu.pl\/wp-content\/uploads\/2025\/11\/edukacyjne-filmy-dla-dzieci-3.png","datePublished":"2025-11-18T13:26:26+00:00","dateModified":"2025-11-28T16:17:11+00:00","breadcrumb":{"@id":"https:\/\/filmoteka.edu.pl\/#breadcrumb"},"inLanguage":"pl-PL","potentialAction":[{"@type":"ReadAction","target":["https:\/\/filmoteka.edu.pl\/"]}]},{"@type":"ImageObject","inLanguage":"pl-PL","@id":"https:\/\/filmoteka.edu.pl\/#primaryimage","url":"https:\/\/filmoteka.edu.pl\/wp-content\/uploads\/2025\/11\/edukacyjne-filmy-dla-dzieci-3.png","contentUrl":"https:\/\/filmoteka.edu.pl\/wp-content\/uploads\/2025\/11\/edukacyjne-filmy-dla-dzieci-3.png","width":1536,"height":857},{"@type":"BreadcrumbList","@id":"https:\/\/filmoteka.edu.pl\/#breadcrumb","itemListElement":[{"@type":"ListItem","position":1,"name":"Strona g\u0142\u00f3wna","item":"https:\/\/filmoteka.edu.pl\/"},{"@type":"ListItem","position":2,"name":"Informacje"}]},{"@type":"WebSite","@id":"https:\/\/filmoteka.edu.pl\/#website","url":"https:\/\/filmoteka.edu.pl\/","name":"Vivere","description":"Filmy edukacyjne dla dzieci","potentialAction":[{"@type":"SearchAction","target":{"@type":"EntryPoint","urlTemplate":"https:\/\/filmoteka.edu.pl\/?s={search_term_string}"},"query-input":{"@type":"PropertyValueSpecification","valueRequired":true,"valueName":"search_term_string"}}],"inLanguage":"pl-PL"}]}},"_links":{"self":[{"href":"https:\/\/filmoteka.edu.pl\/index.php?rest_route=\/wp\/v2\/pages\/570","targetHints":{"allow":["GET"]}}],"collection":[{"href":"https:\/\/filmoteka.edu.pl\/index.php?rest_route=\/wp\/v2\/pages"}],"about":[{"href":"https:\/\/filmoteka.edu.pl\/index.php?rest_route=\/wp\/v2\/types\/page"}],"author":[{"embeddable":true,"href":"https:\/\/filmoteka.edu.pl\/index.php?rest_route=\/wp\/v2\/users\/1"}],"replies":[{"embeddable":true,"href":"https:\/\/filmoteka.edu.pl\/index.php?rest_route=%2Fwp%2Fv2%2Fcomments&post=570"}],"version-history":[{"count":4,"href":"https:\/\/filmoteka.edu.pl\/index.php?rest_route=\/wp\/v2\/pages\/570\/revisions"}],"predecessor-version":[{"id":584,"href":"https:\/\/filmoteka.edu.pl\/index.php?rest_route=\/wp\/v2\/pages\/570\/revisions\/584"}],"wp:featuredmedia":[{"embeddable":true,"href":"https:\/\/filmoteka.edu.pl\/index.php?rest_route=\/wp\/v2\/media\/567"}],"wp:attachment":[{"href":"https:\/\/filmoteka.edu.pl\/index.php?rest_route=%2Fwp%2Fv2%2Fmedia&parent=570"}],"curies":[{"name":"wp","href":"https:\/\/api.w.org\/{rel}","templated":true}]}}